{"id":324,"date":"2023-03-06T18:53:50","date_gmt":"2023-03-06T17:53:50","guid":{"rendered":"https:\/\/ronidicapo.com\/?page_id=324"},"modified":"2026-04-30T12:15:56","modified_gmt":"2026-04-30T11:15:56","slug":"shows","status":"publish","type":"page","link":"https:\/\/ronidicapo.com\/?page_id=324","title":{"rendered":"AGENDA"},"content":{"rendered":"\n<p><mark style=\"background-color:rgba(0, 0, 0, 0)\" class=\"has-inline-color has-white-color\"><strong>FECHAS 2026-25:<\/strong><\/mark><\/p>\n\n\n\n<p><mark style=\"background-color:rgba(0, 0, 0, 0)\" class=\"has-inline-color has-white-color\">4 FEBRERO 2026 &#8211; INFO PR\u00d3XIMAMENTE<\/mark><\/p>\n\n\n\n<p><mark style=\"background-color:rgba(0, 0, 0, 0)\" class=\"has-inline-color has-white-color\">17 ENERO 2026 &#8211; ELVIS &amp; FRIENDS<\/mark><\/p>\n\n\n\n<p><mark style=\"background-color:rgba(0, 0, 0, 0)\" class=\"has-inline-color has-white-color\">23 DICIEMBRE &#8211; RONI DI CAPO (Matadero, Madrid)<\/mark><\/p>\n\n\n\n<p><mark style=\"background-color:rgba(0, 0, 0, 0)\" class=\"has-inline-color has-white-color\">21 DICIEMBRE &#8211; Con SOULFUL VOICES<\/mark><\/p>\n\n\n\n<p><mark style=\"background-color:rgba(0, 0, 0, 0)\" class=\"has-inline-color has-white-color\">19 DICIEMBRE &#8211; Con SOULFUL VOICES<\/mark><\/p>\n\n\n\n<p><mark style=\"background-color:rgba(0, 0, 0, 0)\" class=\"has-inline-color has-white-color\">17 DICIEMBRE &#8211; <mark style=\"background-color:rgba(0, 0, 0, 0)\" class=\"has-inline-color has-white-color\">RONI DI CAPO &amp; WALTER SAX BIG BAND (Galileo Galilei, Madrid)<\/mark><\/mark><\/p>\n\n\n\n<p><mark style=\"background-color:rgba(0, 0, 0, 0)\" class=\"has-inline-color has-white-color\">5 DICIEMBRE &#8211; <mark style=\"background-color:rgba(0, 0, 0, 0)\" class=\"has-inline-color has-white-color\"><mark style=\"background-color:rgba(0, 0, 0, 0)\" class=\"has-inline-color has-white-color\">Con SOULFUL VOICES<\/mark><\/mark><\/mark> <mark style=\"background-color:rgba(0, 0, 0, 0)\" class=\"has-inline-color has-white-color\">(<mark style=\"background-color:rgba(0, 0, 0, 0)\" class=\"has-inline-color has-white-color\">EVENTO PRIVADO) <\/mark><\/mark><\/p>\n\n\n\n<p><\/p>\n\n\n\n<p><mark style=\"background-color:rgba(0, 0, 0, 0)\" class=\"has-inline-color has-white-color\">ANTERIORES:<\/mark><\/p>\n\n\n\n<p><mark style=\"background-color:rgba(0, 0, 0, 0)\" class=\"has-inline-color has-white-color\">18 NOVIEMBRE &#8211; <mark style=\"background-color:rgba(0, 0, 0, 0)\" class=\"has-inline-color has-white-color\">EVENTO PRIVADO <mark style=\"background-color:rgba(0, 0, 0, 0)\" class=\"has-inline-color has-white-color\">con SOULFUL VOICES<\/mark><\/mark><\/mark><\/p>\n\n\n\n<p><mark style=\"background-color:rgba(0, 0, 0, 0)\" class=\"has-inline-color has-white-color\">23 OCTUBRE &#8211; RONI DI CAPO &#8211; <em>ROCKABILLY JAM SESSION <\/em><\/mark><a href=\"https:\/\/entradium.com\/es\/events\/rockabilly-jam-sessions-madrid-con-roni-di-capo\"> <\/a><\/p>\n\n\n\n<p><mark style=\"background-color:rgba(0, 0, 0, 0)\" class=\"has-inline-color has-white-color\">17 y 31 OCTUBRE &#8211; TALLER DE CANTO PARA MUJERES (Espacio De Igualdad Vic\u00e1lvaro, Madrid)<\/mark><\/p>\n\n\n\n<p><mark style=\"background-color:rgba(0, 0, 0, 0)\" class=\"has-inline-color has-cyan-bluish-gray-color\"><strong>3<\/strong> OCTUBRE &#8211; RONI DI CAPO &amp; CASTOR HEAD (Gruta 77) <\/mark><\/p>\n\n\n\n<p><mark style=\"background-color:rgba(0, 0, 0, 0)\" class=\"has-inline-color has-cyan-bluish-gray-color\">12 Y 26 SEPTIEMBRE &#8211; TALLER DE CANTO PARA MUJERES (Espacio De Igualdad Vic\u00e1lvaro, Madrid)<\/mark><\/p>\n\n\n\n<p><mark style=\"background-color:rgba(0, 0, 0, 0)\" class=\"has-inline-color has-cyan-bluish-gray-color\">25 JUNIO: CONCIERTO PRIVADO (Madrid)<\/mark><\/p>\n\n\n\n<p><mark style=\"background-color:rgba(0, 0, 0, 0)\" class=\"has-inline-color has-cyan-bluish-gray-color\">5 ABRIL: MASTERCLASS CANTO Y VOZ (Centro Juvenil Ouka Leele, Madrid)<\/mark><\/p>\n\n\n\n<p><mark style=\"background-color:rgba(0, 0, 0, 0)\" class=\"has-inline-color has-cyan-bluish-gray-color\">1 MARZO: CONCIERTO PRIVADO en sede CARNE CRUDA (Rep\u00fablica Independiente de la Radio)<\/mark><\/p>\n\n\n\n<p><mark style=\"background-color:rgba(0, 0, 0, 0)\" class=\"has-inline-color has-cyan-bluish-gray-color\">NAVIDADES 2025\/24: BANDA OFICIAL &#8216;MADRID, NAVIDAD DE ENCUENTRO&#8217; (4\u00ba A\u00d1O CONSECUTIVO) <\/mark><\/p>\n\n\n\n<p><\/p>\n\n\n\n<p><mark style=\"background-color:rgba(0, 0, 0, 0)\" class=\"has-inline-color has-cyan-bluish-gray-color\">20 DICIEMBRE &#8211; CONCIERTO DID\u00c1CTICO (Escuela Arlequ\u00edn, Madrid)<\/mark><\/p>\n\n\n\n<p><mark style=\"background-color:rgba(0, 0, 0, 0)\" class=\"has-inline-color has-cyan-bluish-gray-color\">13 DICIEMBRE &#8211; D\u00daO NAVIDE\u00d1O con Marcus Wilson (Auditorio Carmen Laforet, Madrid)<\/mark><\/p>\n\n\n\n<p><mark style=\"background-color:rgba(0, 0, 0, 0)\" class=\"has-inline-color has-cyan-bluish-gray-color\">23 NOVIEMBRE &#8211; JAZZ DIVAS de RONI DI CAPO (Festival de Jazz Ciudad Lineal, Auditorio Carmen Laforet)<\/mark><\/p>\n\n\n\n<p><mark style=\"background-color:rgba(0, 0, 0, 0)\" class=\"has-inline-color has-cyan-bluish-gray-color\">20 SEPTIEMBRE<strong> &#8211; <\/strong>RONI DI CAPO trio (Le\u00f3n)<\/mark><\/p>\n\n\n\n<p><mark style=\"background-color:rgba(0, 0, 0, 0)\" class=\"has-inline-color has-cyan-bluish-gray-color\">6 SEPTIEMBRE &#8211; EVENTO PRIVADO (Madrid)<\/mark><\/p>\n\n\n\n<p><mark style=\"background-color:rgba(0, 0, 0, 0)\" class=\"has-inline-color has-cyan-bluish-gray-color\">1 SEPTIEMBRE &#8211; MASTERCLASS CANTO Y T\u00c9CNICA VOCAL (Centro Ouka Leele, Madrid)<\/mark><\/p>\n\n\n\n<p><mark style=\"background-color:rgba(0, 0, 0, 0)\" class=\"has-inline-color has-cyan-bluish-gray-color\">27 JULIO &#8211; ACTUACI\u00d3N Fiestas de Madriguera (Segovia)<\/mark><\/p>\n\n\n\n<p><mark style=\"background-color:rgba(0, 0, 0, 0)\" class=\"has-inline-color has-cyan-bluish-gray-color\">30 JUNIO &#8211; ACTUACI\u00d3N Fiestas San Pedro (Carabanchel, Madrid)<\/mark><\/p>\n\n\n\n<p>17 MAYO &#8211; CONCIERTO CON KING AFRICA (Plaza de toros, Guadalajara)<\/p>\n\n\n\n<p>11 MAYO &#8211; SHE ROCKS! 10\u00ba ANIVERSARIO con Susan Santos &amp; Kike Jambalaya &#8211; Intruso (Madrid)<\/p>\n\n\n\n<p>13 ENERO &#8211; RONI DI CAPO en 2\u00ba ELVIS &amp; FRIENDS sala Rockville (Madrid)<\/p>\n\n\n\n<p>29 DIC &#8211; Show did\u00e1ctico en Centro Cultural Nicol\u00e1s Salmer\u00f3n (Madrid)<\/p>\n\n\n\n<p>28 DIC &#8211; RONI DI CAPO en Balc\u00f3n Casa de la Villa (Madrid)<\/p>\n\n\n\n<p>26, 27, 28, 29, 30 DIC &#8211; &#8216;Banda de Madrid, Navidad de Encuentro&#8217; en Matadero (Madrid)<\/p>\n\n\n\n<p>22 DIC &#8211; Show navide\u00f1o Escuela Arlequ\u00edn (Madrid)<\/p>\n\n\n\n<p>18 NOV &#8211; RONI DI CAPO presenta JAZZ DIVAS &#8211; Festival LATINA JAZZ 2023  (Centro Cultural Jos\u00e9 Luis Sampedro)<\/p>\n\n\n\n<p>31 OCT &#8211; RONI DI CAPO en El Intruso (Madrid)<\/p>\n\n\n\n<p>15 SEPT &#8211; RONI DI CAPO en Blackbird Rock Bar (Madrid)<\/p>\n\n\n\n<p><\/p>\n\n\n\n<p><\/p>\n","protected":false},"excerpt":{"rendered":"<p>FECHAS 2026-25: 4 FEBRERO 2026 &#8211; INFO PR\u00d3XIMAMENTE 17 ENERO 2026 &#8211; ELVIS &amp; FRIENDS 23 DICIEMBRE &#8211; RONI DI CAPO (Matadero, Madrid) 21 DICIEMBRE&hellip;<\/p>\n","protected":false},"author":1,"featured_media":0,"parent":0,"menu_order":0,"comment_status":"closed","ping_status":"closed","template":"","meta":{"footnotes":""},"class_list":["post-324","page","type-page","status-publish","hentry"],"_links":{"self":[{"href":"https:\/\/ronidicapo.com\/index.php?rest_route=\/wp\/v2\/pages\/324","targetHints":{"allow":["GET"]}}],"collection":[{"href":"https:\/\/ronidicapo.com\/index.php?rest_route=\/wp\/v2\/pages"}],"about":[{"href":"https:\/\/ronidicapo.com\/index.php?rest_route=\/wp\/v2\/types\/page"}],"author":[{"embeddable":true,"href":"https:\/\/ronidicapo.com\/index.php?rest_route=\/wp\/v2\/users\/1"}],"replies":[{"embeddable":true,"href":"https:\/\/ronidicapo.com\/index.php?rest_route=%2Fwp%2Fv2%2Fcomments&post=324"}],"version-history":[{"count":45,"href":"https:\/\/ronidicapo.com\/index.php?rest_route=\/wp\/v2\/pages\/324\/revisions"}],"predecessor-version":[{"id":1190,"href":"https:\/\/ronidicapo.com\/index.php?rest_route=\/wp\/v2\/pages\/324\/revisions\/1190"}],"wp:attachment":[{"href":"https:\/\/ronidicapo.com\/index.php?rest_route=%2Fwp%2Fv2%2Fmedia&parent=324"}],"curies":[{"name":"wp","href":"https:\/\/api.w.org\/{rel}","templated":true}]}}

<p><mark style="background-color:rgba(0, 0, 0, 0)" class="has-inline-color has-white-color"><strong>FECHAS 2026-25:</strong></mark></p>



<p><mark style="background-color:rgba(0, 0, 0, 0)" class="has-inline-color has-white-color">4 FEBRERO 2026 &#8211; INFO PRÓXIMAMENTE</mark></p>



<p><mark style="background-color:rgba(0, 0, 0, 0)" class="has-inline-color has-white-color">17 ENERO 2026 &#8211; ELVIS &amp; FRIENDS</mark></p>



<p><mark style="background-color:rgba(0, 0, 0, 0)" class="has-inline-color has-white-color">23 DICIEMBRE &#8211; RONI DI CAPO (Matadero, Madrid)</mark></p>



<p><mark style="background-color:rgba(0, 0, 0, 0)" class="has-inline-color has-white-color">21 DICIEMBRE &#8211; Con SOULFUL VOICES</mark></p>



<p><mark style="background-color:rgba(0, 0, 0, 0)" class="has-inline-color has-white-color">19 DICIEMBRE &#8211; Con SOULFUL VOICES</mark></p>



<p><mark style="background-color:rgba(0, 0, 0, 0)" class="has-inline-color has-white-color">17 DICIEMBRE &#8211; <mark style="background-color:rgba(0, 0, 0, 0)" class="has-inline-color has-white-color">RONI DI CAPO &amp; WALTER SAX BIG BAND (Galileo Galilei, Madrid)</mark></mark></p>



<p><mark style="background-color:rgba(0, 0, 0, 0)" class="has-inline-color has-white-color">5 DICIEMBRE &#8211; <mark style="background-color:rgba(0, 0, 0, 0)" class="has-inline-color has-white-color"><mark style="background-color:rgba(0, 0, 0, 0)" class="has-inline-color has-white-color">Con SOULFUL VOICES</mark></mark></mark> <mark style="background-color:rgba(0, 0, 0, 0)" class="has-inline-color has-white-color">(<mark style="background-color:rgba(0, 0, 0, 0)" class="has-inline-color has-white-color">EVENTO PRIVADO) </mark></mark></p>



<p></p>



<p><mark style="background-color:rgba(0, 0, 0, 0)" class="has-inline-color has-white-color">ANTERIORES:</mark></p>



<p><mark style="background-color:rgba(0, 0, 0, 0)" class="has-inline-color has-white-color">18 NOVIEMBRE &#8211; <mark style="background-color:rgba(0, 0, 0, 0)" class="has-inline-color has-white-color">EVENTO PRIVADO <mark style="background-color:rgba(0, 0, 0, 0)" class="has-inline-color has-white-color">con SOULFUL VOICES</mark></mark></mark></p>



<p><mark style="background-color:rgba(0, 0, 0, 0)" class="has-inline-color has-white-color">23 OCTUBRE &#8211; RONI DI CAPO &#8211; <em>ROCKABILLY JAM SESSION </em></mark><a href="https://entradium.com/es/events/rockabilly-jam-sessions-madrid-con-roni-di-capo"> </a></p>



<p><mark style="background-color:rgba(0, 0, 0, 0)" class="has-inline-color has-white-color">17 y 31 OCTUBRE &#8211; TALLER DE CANTO PARA MUJERES (Espacio De Igualdad Vicálvaro, Madrid)</mark></p>



<p><mark style="background-color:rgba(0, 0, 0, 0)" class="has-inline-color has-cyan-bluish-gray-color"><strong>3</strong> OCTUBRE &#8211; RONI DI CAPO &amp; CASTOR HEAD (Gruta 77) </mark></p>



<p><mark style="background-color:rgba(0, 0, 0, 0)" class="has-inline-color has-cyan-bluish-gray-color">12 Y 26 SEPTIEMBRE &#8211; TALLER DE CANTO PARA MUJERES (Espacio De Igualdad Vicálvaro, Madrid)</mark></p>



<p><mark style="background-color:rgba(0, 0, 0, 0)" class="has-inline-color has-cyan-bluish-gray-color">25 JUNIO: CONCIERTO PRIVADO (Madrid)</mark></p>



<p><mark style="background-color:rgba(0, 0, 0, 0)" class="has-inline-color has-cyan-bluish-gray-color">5 ABRIL: MASTERCLASS CANTO Y VOZ (Centro Juvenil Ouka Leele, Madrid)</mark></p>



<p><mark style="background-color:rgba(0, 0, 0, 0)" class="has-inline-color has-cyan-bluish-gray-color">1 MARZO: CONCIERTO PRIVADO en sede CARNE CRUDA (República Independiente de la Radio)</mark></p>



<p><mark style="background-color:rgba(0, 0, 0, 0)" class="has-inline-color has-cyan-bluish-gray-color">NAVIDADES 2025/24: BANDA OFICIAL &#8216;MADRID, NAVIDAD DE ENCUENTRO&#8217; (4º AÑO CONSECUTIVO) </mark></p>



<p></p>



<p><mark style="background-color:rgba(0, 0, 0, 0)" class="has-inline-color has-cyan-bluish-gray-color">20 DICIEMBRE &#8211; CONCIERTO DIDÁCTICO (Escuela Arlequín, Madrid)</mark></p>



<p><mark style="background-color:rgba(0, 0, 0, 0)" class="has-inline-color has-cyan-bluish-gray-color">13 DICIEMBRE &#8211; DÚO NAVIDEÑO con Marcus Wilson (Auditorio Carmen Laforet, Madrid)</mark></p>



<p><mark style="background-color:rgba(0, 0, 0, 0)" class="has-inline-color has-cyan-bluish-gray-color">23 NOVIEMBRE &#8211; JAZZ DIVAS de RONI DI CAPO (Festival de Jazz Ciudad Lineal, Auditorio Carmen Laforet)</mark></p>



<p><mark style="background-color:rgba(0, 0, 0, 0)" class="has-inline-color has-cyan-bluish-gray-color">20 SEPTIEMBRE<strong> &#8211; </strong>RONI DI CAPO trio (León)</mark></p>



<p><mark style="background-color:rgba(0, 0, 0, 0)" class="has-inline-color has-cyan-bluish-gray-color">6 SEPTIEMBRE &#8211; EVENTO PRIVADO (Madrid)</mark></p>



<p><mark style="background-color:rgba(0, 0, 0, 0)" class="has-inline-color has-cyan-bluish-gray-color">1 SEPTIEMBRE &#8211; MASTERCLASS CANTO Y TÉCNICA VOCAL (Centro Ouka Leele, Madrid)</mark></p>



<p><mark style="background-color:rgba(0, 0, 0, 0)" class="has-inline-color has-cyan-bluish-gray-color">27 JULIO &#8211; ACTUACIÓN Fiestas de Madriguera (Segovia)</mark></p>



<p><mark style="background-color:rgba(0, 0, 0, 0)" class="has-inline-color has-cyan-bluish-gray-color">30 JUNIO &#8211; ACTUACIÓN Fiestas San Pedro (Carabanchel, Madrid)</mark></p>



<p>17 MAYO &#8211; CONCIERTO CON KING AFRICA (Plaza de toros, Guadalajara)</p>



<p>11 MAYO &#8211; SHE ROCKS! 10º ANIVERSARIO con Susan Santos &amp; Kike Jambalaya &#8211; Intruso (Madrid)</p>



<p>13 ENERO &#8211; RONI DI CAPO en 2º ELVIS &amp; FRIENDS sala Rockville (Madrid)</p>



<p>29 DIC &#8211; Show didáctico en Centro Cultural Nicolás Salmerón (Madrid)</p>



<p>28 DIC &#8211; RONI DI CAPO en Balcón Casa de la Villa (Madrid)</p>



<p>26, 27, 28, 29, 30 DIC &#8211; &#8216;Banda de Madrid, Navidad de Encuentro&#8217; en Matadero (Madrid)</p>



<p>22 DIC &#8211; Show navideño Escuela Arlequín (Madrid)</p>



<p>18 NOV &#8211; RONI DI CAPO presenta JAZZ DIVAS &#8211; Festival LATINA JAZZ 2023  (Centro Cultural José Luis Sampedro)</p>



<p>31 OCT &#8211; RONI DI CAPO en El Intruso (Madrid)</p>



<p>15 SEPT &#8211; RONI DI CAPO en Blackbird Rock Bar (Madrid)</p>



<p></p>



<p></p>

<p>FECHAS 2026-25: 4 FEBRERO 2026 &#8211; INFO PRÓXIMAMENTE 17 ENERO 2026 &#8211; ELVIS &amp; FRIENDS 23 DICIEMBRE &#8211; RONI DI CAPO (Matadero, Madrid) 21 DICIEMBRE&hellip;</p>
