{"id":2,"date":"2020-07-23T16:27:45","date_gmt":"2020-07-23T16:27:45","guid":{"rendered":"http:\/\/ronidicapo.com\/?page_id=2"},"modified":"2025-11-29T10:27:03","modified_gmt":"2025-11-29T09:27:03","slug":"resenas-medios-musicales-roni-di-capo","status":"publish","type":"page","link":"https:\/\/ronidicapo.com\/?page_id=2","title":{"rendered":"PRENSA"},"content":{"rendered":"\n<blockquote class=\"wp-block-quote has-white-color has-text-color is-layout-flow wp-block-quote-is-layout-flow\">\n<p class=\"has-white-color has-text-color\"><em>\u00abSi digo que Ver\u00f3nica es una de las grandes cantantes de nuestro pa\u00eds, no cre\u00e1is que estoy exagerando: es una artista que domina, como pocas, country western, rnr, rockabilly o swing\u00bb<\/em> <em><strong><a href=\"https:\/\/www.rtve.es\/play\/audios\/saltamontes\/saltamontes-rock-blues-susan-santos-sessions-23-10-20\/5692639\/\" target=\"_blank\" rel=\"noreferrer noopener\"><mark style=\"background-color:rgba(0, 0, 0, 0)\" class=\"has-inline-color has-vivid-red-color\">\u00c1ngel Lobo,\u00a0Saltamontes Radio 3<\/mark><\/a><\/strong><\/em><\/p>\n<\/blockquote>\n\n\n\n<blockquote class=\"wp-block-quote has-white-color has-text-color is-layout-flow wp-block-quote-is-layout-flow\">\n<p class=\"has-white-color has-text-color\"><em>\u00abRoni Di Capo lleva el rock and roll en las venas:<mark style=\"background-color:rgba(0, 0, 0, 0)\" class=\"has-inline-color has-white-color\"> nueva diva de ra\u00edces blues rock\u00bb <\/mark><\/em><a href=\"https:\/\/www.ruta66.es\/2020\/09\/encuentros\/roni-di-capo-con-el-rock-and-roll-clasico-y-el-swing-en-vena\/\" target=\"_blank\" rel=\"noreferrer noopener\"><mark style=\"background-color:rgba(0, 0, 0, 0)\" class=\"has-inline-color has-vivid-red-color\"><strong><em>Ruta 66<\/em><\/strong><\/mark><\/a><\/p>\n<\/blockquote>\n\n\n\n<blockquote class=\"wp-block-quote has-white-color has-text-color is-layout-flow wp-block-quote-is-layout-flow\">\n<p class=\"has-white-color has-text-color\"><em>\u00abFrontwoman que domina cada palmo del escenario con una mezcla perfecta de elegancia, car\u00e1cter y oficio. Una artista completa, con un bagaje que se nota en cada matiz<mark style=\"background-color:rgba(0, 0, 0, 0)\" class=\"has-inline-color has-white-color\">\u00bb <\/mark><\/em><strong><em><a href=\"https:\/\/territoriomusic.com\/roni-di-capo-madrid-2025-cronica\/\" target=\"_blank\" rel=\"noreferrer noopener\"><mark style=\"background-color:rgba(0, 0, 0, 0)\" class=\"has-inline-color has-vivid-red-color\">Territorio Music<\/mark><\/a><\/em><\/strong><\/p>\n<\/blockquote>\n\n\n\n<blockquote class=\"wp-block-quote has-white-color has-text-color is-layout-flow wp-block-quote-is-layout-flow\">\n<p class=\"has-white-color has-text-color\"><em>\u00c1lbum multisabor donde resalta muy especialmente la c\u00e1lida y vers\u00e1til voz de Roni Di Capo\u00bb,<\/em> <a href=\"https:\/\/www.rtve.es\/alacarta\/audios\/el-sotano\/cosecha-nacional-pelomono-directo-27-01-21\/5774008\/?fbclid=IwAR1h849UoMQIhd9ea0CCscu1S4lsYeIWBYJPrvU-LTSYZi7NQXl5p7zXavY\" target=\"_blank\" rel=\"noreferrer noopener\"><strong><em><mark style=\"background-color:rgba(0, 0, 0, 0)\" class=\"has-inline-color has-vivid-red-color\">El S\u00f3tano, Radio 3<\/mark><\/em><\/strong><\/a><\/p>\n<\/blockquote>\n\n\n\n<blockquote class=\"wp-block-quote has-white-color has-text-color is-layout-flow wp-block-quote-is-layout-flow\">\n<p class=\"has-white-color has-text-color\"><em>\u201cRoni Di Capo es una de las reinas del rock\u2019n\u2019roll de nuestro territorio\u201d, <\/em><strong><em><a href=\"https:\/\/www.mondosonoro.com\/noticias-actualidad-musical\/the-mission-roni-di-capo\/\" target=\"_blank\" rel=\"noreferrer noopener\"><mark style=\"background-color:rgba(0, 0, 0, 0)\" class=\"has-inline-color has-vivid-red-color\">MondoSonoro<\/mark><\/a><\/em><\/strong> <\/p>\n<\/blockquote>\n\n\n\n<blockquote class=\"wp-block-quote has-white-color has-text-color is-layout-flow wp-block-quote-is-layout-flow\">\n<p><em>\u201c<em>\u201cExcelente int\u00e9rprete, maravillosas canciones y toda una amalgama de g\u00e9neros son el reflejo del trabajo de tantos a\u00f1os en el mundo de la canci\u00f3n\u201d\u00a0<\/em><strong><em><a href=\"https:\/\/www.rtve.es\/alacarta\/audios\/peligrosamente-juntos\/roni-di-capo-rachelle-bentley-the-sand-12-12-20\/5728190\/\" target=\"_blank\" rel=\"noreferrer noopener\"><mark style=\"background-color:rgba(0, 0, 0, 0)\" class=\"has-inline-color has-vivid-red-color\">Pilar Arzak, Radio 3<\/mark><\/a><\/em><\/strong><\/em><\/p>\n<\/blockquote>\n\n\n\n<blockquote class=\"wp-block-quote has-white-color has-text-color is-layout-flow wp-block-quote-is-layout-flow\">\n<p class=\"has-white-color has-text-color\"><em>\u00abVer\u00f3nica Costilla se alza como la voz femenina que necesitaba el rock and roll patrio.&nbsp;La vocalista desborda actitud. Una&nbsp;poderosa y sensual voz que gu\u00eda al oyente por diferentes paisajes sonoros bajo la influencia de&nbsp;Beth Hart, Imelda May o WandaJackson\u00bb&nbsp;<\/em><a href=\"https:\/\/www.revistafreerockin.com\/bonus-track-roni-di-capo\/\" target=\"_blank\" rel=\"noreferrer noopener\"><strong><em><mark style=\"background-color:rgba(0, 0, 0, 0)\" class=\"has-inline-color has-vivid-red-color\">FreeRockin<\/mark><\/em><\/strong><\/a><\/p>\n<\/blockquote>\n\n\n\n<blockquote class=\"wp-block-quote has-white-color has-text-color is-layout-flow wp-block-quote-is-layout-flow\">\n<p><em><em>\u201cVers\u00e1til vocalista con una larga e interesante trayectoria que se ha rodeado de m\u00fasicos de muy alto nivel y un productor como Bernardo Calvo\u201d\u00a0<strong><mark style=\"background-color:rgba(0, 0, 0, 0)\" class=\"has-inline-color has-vivid-red-color\">Jes\u00fas Bomb\u00edn,<\/mark><\/strong><\/em><a href=\"https:\/\/www.rtve.es\/alacarta\/audios\/a-lo-loco-y-con-patines\/loco-patines-melodias-agradan-visitas-15-09-20\/5663007\/\" target=\"_blank\" rel=\"noreferrer noopener\"><strong><mark style=\"background-color:rgba(0, 0, 0, 0)\" class=\"has-inline-color has-vivid-red-color\"><em> Radio 3<\/em><\/mark><\/strong><\/a><\/em><\/p>\n<\/blockquote>\n\n\n\n<p><\/p>\n","protected":false},"excerpt":{"rendered":"<p>\u00abSi digo que Ver\u00f3nica es una de las grandes cantantes de nuestro pa\u00eds, no cre\u00e1is que estoy exagerando: es una artista que domina, como pocas,&hellip;<\/p>\n","protected":false},"author":1,"featured_media":0,"parent":0,"menu_order":0,"comment_status":"closed","ping_status":"open","template":"","meta":{"footnotes":""},"class_list":["post-2","page","type-page","status-publish","hentry"],"_links":{"self":[{"href":"https:\/\/ronidicapo.com\/index.php?rest_route=\/wp\/v2\/pages\/2","targetHints":{"allow":["GET"]}}],"collection":[{"href":"https:\/\/ronidicapo.com\/index.php?rest_route=\/wp\/v2\/pages"}],"about":[{"href":"https:\/\/ronidicapo.com\/index.php?rest_route=\/wp\/v2\/types\/page"}],"author":[{"embeddable":true,"href":"https:\/\/ronidicapo.com\/index.php?rest_route=\/wp\/v2\/users\/1"}],"replies":[{"embeddable":true,"href":"https:\/\/ronidicapo.com\/index.php?rest_route=%2Fwp%2Fv2%2Fcomments&post=2"}],"version-history":[{"count":22,"href":"https:\/\/ronidicapo.com\/index.php?rest_route=\/wp\/v2\/pages\/2\/revisions"}],"predecessor-version":[{"id":1177,"href":"https:\/\/ronidicapo.com\/index.php?rest_route=\/wp\/v2\/pages\/2\/revisions\/1177"}],"wp:attachment":[{"href":"https:\/\/ronidicapo.com\/index.php?rest_route=%2Fwp%2Fv2%2Fmedia&parent=2"}],"curies":[{"name":"wp","href":"https:\/\/api.w.org\/{rel}","templated":true}]}}

<blockquote class="wp-block-quote has-white-color has-text-color is-layout-flow wp-block-quote-is-layout-flow">
<p class="has-white-color has-text-color"><em>«Si digo que Verónica es una de las grandes cantantes de nuestro país, no creáis que estoy exagerando: es una artista que domina, como pocas, country western, rnr, rockabilly o swing»</em> <em><strong><a href="https://www.rtve.es/play/audios/saltamontes/saltamontes-rock-blues-susan-santos-sessions-23-10-20/5692639/" target="_blank" rel="noreferrer noopener"><mark style="background-color:rgba(0, 0, 0, 0)" class="has-inline-color has-vivid-red-color">Ángel Lobo, Saltamontes Radio 3</mark></a></strong></em></p>
</blockquote>



<blockquote class="wp-block-quote has-white-color has-text-color is-layout-flow wp-block-quote-is-layout-flow">
<p class="has-white-color has-text-color"><em>«Roni Di Capo lleva el rock and roll en las venas:<mark style="background-color:rgba(0, 0, 0, 0)" class="has-inline-color has-white-color"> nueva diva de raíces blues rock» </mark></em><a href="https://www.ruta66.es/2020/09/encuentros/roni-di-capo-con-el-rock-and-roll-clasico-y-el-swing-en-vena/" target="_blank" rel="noreferrer noopener"><mark style="background-color:rgba(0, 0, 0, 0)" class="has-inline-color has-vivid-red-color"><strong><em>Ruta 66</em></strong></mark></a></p>
</blockquote>



<blockquote class="wp-block-quote has-white-color has-text-color is-layout-flow wp-block-quote-is-layout-flow">
<p class="has-white-color has-text-color"><em>«Frontwoman que domina cada palmo del escenario con una mezcla perfecta de elegancia, carácter y oficio. Una artista completa, con un bagaje que se nota en cada matiz<mark style="background-color:rgba(0, 0, 0, 0)" class="has-inline-color has-white-color">» </mark></em><strong><em><a href="https://territoriomusic.com/roni-di-capo-madrid-2025-cronica/" target="_blank" rel="noreferrer noopener"><mark style="background-color:rgba(0, 0, 0, 0)" class="has-inline-color has-vivid-red-color">Territorio Music</mark></a></em></strong></p>
</blockquote>



<blockquote class="wp-block-quote has-white-color has-text-color is-layout-flow wp-block-quote-is-layout-flow">
<p class="has-white-color has-text-color"><em>Álbum multisabor donde resalta muy especialmente la cálida y versátil voz de Roni Di Capo»,</em> <a href="https://www.rtve.es/alacarta/audios/el-sotano/cosecha-nacional-pelomono-directo-27-01-21/5774008/?fbclid=IwAR1h849UoMQIhd9ea0CCscu1S4lsYeIWBYJPrvU-LTSYZi7NQXl5p7zXavY" target="_blank" rel="noreferrer noopener"><strong><em><mark style="background-color:rgba(0, 0, 0, 0)" class="has-inline-color has-vivid-red-color">El Sótano, Radio 3</mark></em></strong></a></p>
</blockquote>



<blockquote class="wp-block-quote has-white-color has-text-color is-layout-flow wp-block-quote-is-layout-flow">
<p class="has-white-color has-text-color"><em>“Roni Di Capo es una de las reinas del rock’n’roll de nuestro territorio”, </em><strong><em><a href="https://www.mondosonoro.com/noticias-actualidad-musical/the-mission-roni-di-capo/" target="_blank" rel="noreferrer noopener"><mark style="background-color:rgba(0, 0, 0, 0)" class="has-inline-color has-vivid-red-color">MondoSonoro</mark></a></em></strong> </p>
</blockquote>



<blockquote class="wp-block-quote has-white-color has-text-color is-layout-flow wp-block-quote-is-layout-flow">
<p><em>“<em>“Excelente intérprete, maravillosas canciones y toda una amalgama de géneros son el reflejo del trabajo de tantos años en el mundo de la canción” </em><strong><em><a href="https://www.rtve.es/alacarta/audios/peligrosamente-juntos/roni-di-capo-rachelle-bentley-the-sand-12-12-20/5728190/" target="_blank" rel="noreferrer noopener"><mark style="background-color:rgba(0, 0, 0, 0)" class="has-inline-color has-vivid-red-color">Pilar Arzak, Radio 3</mark></a></em></strong></em></p>
</blockquote>



<blockquote class="wp-block-quote has-white-color has-text-color is-layout-flow wp-block-quote-is-layout-flow">
<p class="has-white-color has-text-color"><em>«Verónica Costilla se alza como la voz femenina que necesitaba el rock and roll patrio.&nbsp;La vocalista desborda actitud. Una&nbsp;poderosa y sensual voz que guía al oyente por diferentes paisajes sonoros bajo la influencia de&nbsp;Beth Hart, Imelda May o WandaJackson»&nbsp;</em><a href="https://www.revistafreerockin.com/bonus-track-roni-di-capo/" target="_blank" rel="noreferrer noopener"><strong><em><mark style="background-color:rgba(0, 0, 0, 0)" class="has-inline-color has-vivid-red-color">FreeRockin</mark></em></strong></a></p>
</blockquote>



<blockquote class="wp-block-quote has-white-color has-text-color is-layout-flow wp-block-quote-is-layout-flow">
<p><em><em>“Versátil vocalista con una larga e interesante trayectoria que se ha rodeado de músicos de muy alto nivel y un productor como Bernardo Calvo” <strong><mark style="background-color:rgba(0, 0, 0, 0)" class="has-inline-color has-vivid-red-color">Jesús Bombín,</mark></strong></em><a href="https://www.rtve.es/alacarta/audios/a-lo-loco-y-con-patines/loco-patines-melodias-agradan-visitas-15-09-20/5663007/" target="_blank" rel="noreferrer noopener"><strong><mark style="background-color:rgba(0, 0, 0, 0)" class="has-inline-color has-vivid-red-color"><em> Radio 3</em></mark></strong></a></em></p>
</blockquote>



<p></p>

<p>«Si digo que Verónica es una de las grandes cantantes de nuestro país, no creáis que estoy exagerando: es una artista que domina, como pocas,&hellip;</p>
