{"id":10,"date":"2020-08-06T07:59:17","date_gmt":"2020-08-06T06:59:17","guid":{"rendered":"http:\/\/ronidicapo.com\/?page_id=10"},"modified":"2025-06-15T11:55:29","modified_gmt":"2025-06-15T10:55:29","slug":"bio","status":"publish","type":"page","link":"https:\/\/ronidicapo.com\/?page_id=10","title":{"rendered":"BIO"},"content":{"rendered":"\n<p><\/p>\n\n\n\n<p class=\"has-white-color has-text-color\">Ver\u00f3nica Costilla es una cantante y compositora conocida en el mundo de la m\u00fasica bajo el nombre art\u00edstico\u00a0<strong>Roni Di Capo<\/strong>. A lo largo de su carrera, ha trabajado diferentes estilos musicales como el rock, hard rock, rockabilly, swing, rhythm&amp;blues, gospel, soul o jazz y ha formado partes de diferentes formaciones como solista o corista. <\/p>\n\n\n\n<p class=\"has-white-color has-text-color\"><mark style=\"background-color:rgba(0, 0, 0, 0)\" class=\"has-inline-color has-white-color\">Tambi\u00e9n es\u00a0<\/mark><a href=\"https:\/\/ronidicapo.com\/?page_id=315\"><mark style=\"background-color:rgba(0, 0, 0, 0)\" class=\"has-inline-color has-white-color\">vocal coach certificada<\/mark><\/a><mark style=\"background-color:rgba(0, 0, 0, 0)\" class=\"has-inline-color has-white-color\">, locutora y narradora de audiolibros (ver secci\u00f3n &#8216;<\/mark><a href=\"https:\/\/ronidicapo.com\/?page_id=315\"><mark style=\"background-color:rgba(0, 0, 0, 0)\" class=\"has-inline-color has-white-color\"><strong>CLASES<\/strong><\/mark><\/a><mark style=\"background-color:rgba(0, 0, 0, 0)\" class=\"has-inline-color has-white-color\">&#8216; Y &#8216;<\/mark><a href=\"https:\/\/ronidicapo.com\/?page_id=1089\"><mark style=\"background-color:rgba(0, 0, 0, 0)\" class=\"has-inline-color has-white-color\"><strong>LOCUCI\u00d3N<\/strong><\/mark><\/a><mark style=\"background-color:rgba(0, 0, 0, 0)\" class=\"has-inline-color has-white-color\">&#8216;). <\/mark><\/p>\n\n\n\n<p><mark style=\"background-color:rgba(0, 0, 0, 0)\" class=\"has-inline-color has-white-color\">En su \u00faltimo single, <\/mark><em><strong><a href=\"https:\/\/www.youtube.com\/watch?v=R6opehIuLVo\"><mark style=\"background-color:rgba(0, 0, 0, 0)\" class=\"has-inline-color has-vivid-red-color\">NO TE DEJAR\u00c9 CAER<\/mark><\/a><\/strong><\/em><mark style=\"background-color:rgba(0, 0, 0, 0)\" class=\"has-inline-color has-vivid-red-color\">\u00a0<\/mark><mark style=\"background-color:rgba(0, 0, 0, 0)\" class=\"has-inline-color has-white-color\">(2025), la artista sorprende con\u00a0<strong>letra en espa\u00f1ol<\/strong> y un tema rockero, elegante\u00a0y\u00a0contundente\u00a0producido de nuevo por\u00a0<strong>JUAN NAVAZO<\/strong>, que tambi\u00e9n estuvo a los mandos de <em><strong>HOUDINI<\/strong><\/em> (2023). Anteriormente con <strong><em>#SISTER<\/em>\u00a0<\/strong>(2022), producido por\u00a0<strong>Bernardo Calvo<\/strong>\u00a0(Carolina Durante,\u00a0Depresi\u00f3n Sonora, Camellos), ha llegado a m\u00e1s de 9.000 escuchas de Spotify en EE.UU. Su \u00e1lbum hom\u00f3nimo\u00a0<strong><em>Roni Di Capo<\/em>\u00a0(2020, Autoeditado <\/strong>y tambi\u00e9n producido por Bernardo Calvo), recibi\u00f3 <\/mark><a href=\"https:\/\/ronidicapo.com\/?page_id=2\"><mark style=\"background-color:rgba(0, 0, 0, 0)\" class=\"has-inline-color has-vivid-red-color\"><strong>excelentes cr\u00edticas (VER AQU\u00cd)<\/strong><\/mark><\/a><mark style=\"background-color:rgba(0, 0, 0, 0)\" class=\"has-inline-color has-white-color\"> por parte de los medios musicales especializados de nuestro pa\u00eds. Adem\u00e1s, tiene otro disco digital  publicado: <strong><em>My Old Faves: A Tribute To The 40s &amp; 50s<\/em><\/strong>\u00a0<strong>(2018, Autoeditado)<\/strong>.<\/mark><\/p>\n\n\n\n<p class=\"has-white-color has-text-color\"><strong>En 2021 fue ganadora de la 2\u00aa muestra de Talentos Femeninos que otorga la\u00a0Comunidad de Madrid\u00a0y\u00a0<em>La Noche En Vivo<\/em>. En 2020 fue semifinalista de\u00a0<em>Rock Party<\/em>, el concurso de bandas de\u00a0Azkena Rock Festival, elegida entre m\u00e1s de 600 bandas inscritas en Madrid.<\/strong><\/p>\n\n\n\n<p class=\"has-white-color has-text-color\">Su primer contacto con el escenario se produce al convertirse en la cantante de <strong>The Moonstones<\/strong>, un grupo de garage-soul de Madrid con quien telonea a\u00a0<strong>Mando Diao, The Hi-Risers o The Lords Of Altamont.<\/strong>\u00a0En una actuaci\u00f3n de la\u00a0<strong>sala El Sol\u00a0(Madrid) conoce al bajista Willy Vijande (Ilegales)<\/strong>\u00a0que, tras escucharla cantar, se interesa por su trabajo e incluso le propone montar una banda; aunque el proyecto no llega a materializarse, Ver\u00f3nica se anima entonces a cantar\u00a0<strong>rockabilly\u00a0y\u00a0rock and roll<\/strong>\u00a0de los cincuenta.<\/p>\n\n\n\n<p class=\"has-white-color has-text-color\">M\u00e1s tarde, su carrera profesional gira definitivamente hacia el mundo del espect\u00e1culo y aprende del gran maestro de actores&nbsp;<strong>Arnold Taraborelli<\/strong>, as\u00ed como de otros profesores de danza y teatro. Tambi\u00e9n es la vocalista de&nbsp;<strong>Tierra<\/strong>, grupo de hard rock en castellano, y compone las letras de 5 temas de su primera demo, \u2018No s\u00e9 perder\u2019. Se atreve a montar&nbsp;<strong>Sabbath Cadabra,&nbsp; un tributo a&nbsp;Black Sabbath<\/strong>&nbsp;en el que interpreta a&nbsp;Ozzy Osbourne, y trabaja puntualmente en proyectos de teatro musical y orquestas.<\/p>\n\n\n\n<p class=\"has-white-color has-text-color\">Despu\u00e9s fundar\u00e1&nbsp;<strong>Roni\u2019s hot aces<\/strong>&nbsp;(nombre elegido a ra\u00edz del pseud\u00f3nimo&nbsp;<strong>Roni Di Capo<\/strong>), una formaci\u00f3n que a\u00fana&nbsp;<strong>rock and roll, rockabilly,&nbsp;swing&nbsp;y&nbsp;rhythm &amp; blues<\/strong>, g\u00e9neros con los que se da cuenta que tambi\u00e9n puede expresarse de forma natural, vocal y estil\u00edsticamente. M\u00e1s tarde ser\u00e1 la cantante de&nbsp;<strong>Evil, evil girrrls &amp; The Malvados<\/strong>&nbsp;(show burlesque) y paralelamente entra a formar parte de&nbsp;<strong>Black Light Gospel Choir<\/strong>, uno de los coros gospel m\u00e1s importantes de Madrid.<\/p>\n\n\n\n<p class=\"has-white-color has-text-color\">A partir de ese momento, deja los proyectos&nbsp;<em>amateur<\/em>&nbsp;y comienza su carrera como cantante profesional bajo el nombre art\u00edstico ya elegido,&nbsp;<strong>RONI DI CAPO<\/strong>. Contin\u00faa como corista y solista en Black Light Goispel Choir y bigbands como&nbsp;<strong>Crazy Cabin Big Band o Chattanooga Big Band (Patxi Urchegui)<\/strong>&nbsp;y funda&nbsp;<strong><em>She Rocks!<\/em><\/strong>&nbsp;con la cantante Isabel Fonseca (Lady Belle), el primer tributo a las voces femeninas de los a\u00f1os 50 en Espa\u00f1a. Tambi\u00e9n trabajar\u00e1 como&nbsp;<strong>corista de Virginia Maestro<\/strong>,&nbsp;<strong>La Voz Kids,&nbsp;El Barrio, Xabier Grey o Kike Jambalaya.<\/strong><\/p>\n\n\n\n<p class=\"has-white-color has-text-color\">En 2018 publica\u00a0<strong><em>My Old Faves: A Tribute To The 40s &amp; 50s<\/em>\u00a0(2018, Autoeditado),<\/strong>\u00a0un repaso por algunas de sus canciones favoritas de dichas d\u00e9cadas y grabado en\u00a0<em>Delia Records<\/em>\u00a0(Madrid). En 2019 lanza sus 2 primeros temas propios,\u00a0<strong><em>Wanna Have Some Fun<\/em><\/strong>\u00a0y\u00a0<strong><em>No Fear<\/em><\/strong>, que despu\u00e9s se incluir\u00e1n en su segundo disco.<\/p>\n\n\n\n<p class=\"has-white-color has-text-color\">En septiembre de 2020 lanza su tercer single,&nbsp;<strong><em>The Mission<\/em><\/strong>, que sirve como presentaci\u00f3n de su segundo y hom\u00f3nimo \u00e1lbum, que lanz\u00f3 en octubre de ese a\u00f1o,&nbsp;<strong><em>Roni Di Capo<\/em>&nbsp;(2020, Autoeditado)<\/strong>, grabado, producido, mezclado y masterizado por&nbsp;<strong>Bernardo Calvo<\/strong>&nbsp;y con la participaci\u00f3n de m\u00fasicos como&nbsp;<strong>David Gwynn, Marcus Wilson, Mariana P\u00e9rez, Javier \u00cd\u00f1igo, Alfonso Ferrer, \u00d3scar S\u00e1nchez o Kike Jambalaya<\/strong>, entre otros m\u00fasicos.<\/p>\n\n\n\n<p class=\"has-white-color has-text-color\">En 2020 fue semifinalista de\u00a0<em>Rock Party<\/em>, el concurso de bandas de\u00a0<strong>Azkena Rock Festival<\/strong>, elegida entre m\u00e1s de 600 bandas inscritas en Madrid. En 2021 fue ganadora de la 2\u00aa muestra de Talentos Femeninos que otorga la\u00a0Comunidad de Madrid\u00a0y\u00a0<em>La Noche En Vivo.<\/em><\/p>\n","protected":false},"excerpt":{"rendered":"<p>Ver\u00f3nica Costilla es una cantante y compositora conocida en el mundo de la m\u00fasica bajo el nombre art\u00edstico\u00a0Roni Di Capo. A lo largo de su&hellip;<\/p>\n","protected":false},"author":1,"featured_media":0,"parent":0,"menu_order":0,"comment_status":"closed","ping_status":"closed","template":"","meta":{"footnotes":""},"class_list":["post-10","page","type-page","status-publish","hentry"],"_links":{"self":[{"href":"https:\/\/ronidicapo.com\/index.php?rest_route=\/wp\/v2\/pages\/10","targetHints":{"allow":["GET"]}}],"collection":[{"href":"https:\/\/ronidicapo.com\/index.php?rest_route=\/wp\/v2\/pages"}],"about":[{"href":"https:\/\/ronidicapo.com\/index.php?rest_route=\/wp\/v2\/types\/page"}],"author":[{"embeddable":true,"href":"https:\/\/ronidicapo.com\/index.php?rest_route=\/wp\/v2\/users\/1"}],"replies":[{"embeddable":true,"href":"https:\/\/ronidicapo.com\/index.php?rest_route=%2Fwp%2Fv2%2Fcomments&post=10"}],"version-history":[{"count":9,"href":"https:\/\/ronidicapo.com\/index.php?rest_route=\/wp\/v2\/pages\/10\/revisions"}],"predecessor-version":[{"id":1147,"href":"https:\/\/ronidicapo.com\/index.php?rest_route=\/wp\/v2\/pages\/10\/revisions\/1147"}],"wp:attachment":[{"href":"https:\/\/ronidicapo.com\/index.php?rest_route=%2Fwp%2Fv2%2Fmedia&parent=10"}],"curies":[{"name":"wp","href":"https:\/\/api.w.org\/{rel}","templated":true}]}}